-- https://www.phpmyadmin.net/
--
-- Počítač: localhost
-- Vytvořeno: Stř 18. led 2023, 10:02
-- Verze serveru: 10.6.11-MariaDB-1:10.6.11+maria~ubu2004
-- Verze PHP: 7.4.3

START TRANSACTION;



-- --------------------------------------------------------

--
-- Struktura tabulky `hrob`
--

CREATE TABLE `hrob` (
  `cislo_hrobu` int(11) NOT NULL,
  `velikost` float NOT NULL,
  `pozice` char(2) NOT NULL,
  `vznik` date NOT NULL,
  `rc_vlastnika` char(11) NOT NULL
) ENGINE=InnoDB DEFAULT CHARSET=utf8mb4 COLLATE=utf8mb4_general_ci;

--
-- Vypisuji data pro tabulku `hrob`
--

INSERT INTO `hrob` (`cislo_hrobu`, `velikost`, `pozice`, `vznik`, `rc_vlastnika`) VALUES
(1, 220, 'A1', '2018-09-11', '0707281784'),
(2, 210, 'A2', '2016-11-18', '1007123370'),
(3, 205, 'A3', '2019-06-07', '1910124293'),
(4, 220, 'A4', '2017-07-04', '8705191264'),
(5, 190, 'B2', '2022-11-01', '0707281784'),
(6, 205, 'B5', '2012-12-06', '1910124293'),
(7, 200, 'A3', '2015-11-11', '1959266573'),
(8, 220, 'B1', '2018-10-12', '6704212064'),
(9, 205, 'C2', '2016-09-17', '7858173147'),
(10, 210, 'C3', '2017-03-22', '8705191264'),
(11, 215, 'B4', '2013-04-22', '8705561264'),
(12, 195, 'C4', '2020-02-27', '9159072175'),
(13, 205, 'A2', '2018-09-14', '9159072175'),
(14, 190, 'B6', '2017-05-09', '1007123370'),
(15, 195, 'C1', '2012-11-02', '0707281784');

-- --------------------------------------------------------

--
-- Struktura tabulky `mrtvoly`
--

CREATE TABLE `mrtvoly` (
  `id` int(11) NOT NULL,
  `jmeno` varchar(20) NOT NULL,
  `prijmeni` varchar(25) NOT NULL,
  `d_narozeni` date DEFAULT NULL,
  `d_umrti` date DEFAULT NULL,
  `cislo_hrobu` int(11) NOT NULL,
  `typ_ulozeni` varchar(10) NOT NULL
) ENGINE=InnoDB DEFAULT CHARSET=utf8mb4 COLLATE=utf8mb4_general_ci;

--
-- Vypisuji data pro tabulku `mrtvoly`
--

INSERT INTO `mrtvoly` (`id`, `jmeno`, `prijmeni`, `d_narozeni`, `d_umrti`, `cislo_hrobu`, `typ_ulozeni`) VALUES
(1, 'Václav', 'Vašek', '1984-11-08', '2021-09-08', 1, 'Rakev'),
(2, 'Jan', 'Honza', '2000-07-13', '2021-10-26', 2, 'Popel'),
(3, 'Antonie ', 'Křivá', '1965-01-07', '2021-05-12', 3, 'Rakev'),
(4, 'Aleš ', 'Řezník', '1986-02-08', '2015-11-21', 1, 'Rakev'),
(5, 'David', 'Prutař', '1989-12-30', '2018-01-01', 13, 'Popel'),
(6, 'Daniel', 'Zámek', '1958-01-01', '2013-09-13', 2, 'Rakev'),
(7, 'Matěj', 'Kolub', '1976-09-13', '2015-06-27', 3, 'Popel'),
(8, 'Adam ', 'Pikel', '1981-06-27', '2019-07-21', 7, 'Rakev'),
(9, 'Bořivoj', 'Navrátil', '1989-07-21', '2020-12-01', 4, 'Popel'),
(10, 'Bolek', 'Příloha', '1968-12-01', '2014-11-14', 8, 'Rakev'),
(11, 'Agáta', 'Soukupová', '1977-11-14', '2011-08-16', 5, 'Popel'),
(12, 'Tomáš', 'Julán', '1990-08-17', '2016-03-10', 11, 'Rakev'),
(13, 'Dominik ', 'Rafaelo', '1999-03-08', '2017-06-08', 6, 'Popel'),
(14, 'Linda', 'Mladá', '1992-06-07', '2021-10-24', 14, 'Rakev'),
(15, 'Martina', 'Dostálová', '1981-10-23', '2019-07-05', 15, 'Popel'),
(16, 'Daniela', 'Krásná', '1969-07-05', '2013-03-27', 9, 'Rakev'),
(17, 'Olga', 'Havlová', '1983-08-09', '2016-09-12', 10, 'Popel'),
(18, 'Erik', 'Meldik', '1972-09-08', '2016-12-29', 12, 'Rakev'),
(19, 'Vanesa', 'Stará', '1984-10-10', '2022-12-15', 2, 'Popel'),
(20, 'Tadeáš', 'Jíra', '1996-11-11', '2013-12-13', 15, 'Rakev'),
(21, 'David ', 'Kaštánek ', '1985-10-08', '2021-10-08', 8, 'Rakev');

-- --------------------------------------------------------

--
-- Struktura tabulky `vlastnici`
--

CREATE TABLE `vlastnici` (
  `rc` char(11) NOT NULL,
  `jmeno` varchar(20) NOT NULL,
  `prijmeni` varchar(25) NOT NULL,
  `mesto` varchar(40) NOT NULL,
  `psc` char(5) NOT NULL,
  `ulice` varchar(60) NOT NULL,
  `cp` varchar(8) NOT NULL,
  `tel` char(13) DEFAULT NULL,
  `c_uctu` char(15) DEFAULT NULL
) ENGINE=InnoDB DEFAULT CHARSET=utf8mb4 COLLATE=utf8mb4_general_ci;

--
-- Vypisuji data pro tabulku `vlastnici`
--

INSERT INTO `vlastnici` (`rc`, `jmeno`, `prijmeni`, `mesto`, `psc`, `ulice`, `cp`, `tel`, `c_uctu`) VALUES
('0707281784', 'René ', 'Jágr', 'Kladno', '76832', 'U Stadionu', '68', '+420468657867', '1234567995'),
('1007123370', 'Tereza', 'Novotná', 'Litoměřice', '74756', 'Za školou', '128', '+420159357852', '1234567979'),
('1103267319', 'Heřman ', 'Bui', 'Prostějov', '78625', 'Školní', '154', '+420123654987', '5674818506'),
('1910124293', 'Bořivoj', 'Benzema', 'Kroměříž', '65823', 'U rybníčků', '738', '+420739869657', '1234567987'),
('1959266573', 'Agáta', 'Soukupová ', 'Praha', '11233', 'Konečná ', '15688', '+420776552321', '4432118529'),
('6704212064', 'Lukáš', 'Šustr', 'Ostrava', '74654', 'Opletalova', '99', '+42025878986', '4734818520'),
('7858173147', 'Anna ', 'Nová', 'Opava ', '74253', 'Ve sklípku', '32', '+420758963654', '6135418575'),
('8705191264', 'Vojtěch', 'Štěpánek', 'Brno', '73456', 'Za vesnicí', '666', '+420468657867', '1234567928'),
('8705561264', 'Petr', 'Petrov', 'Opava', '74711', 'V sadech', '141', '+420798369456', '1234564568'),
('9159072175', 'Tomáš ', 'Juán ', 'Ostrava ', '74653', 'Pod lampou', '63', '+420915907217', '4135418517');

--
-- Indexy pro tabulku `hrob`
--
ALTER TABLE `hrob`
  ADD PRIMARY KEY (`cislo_hrobu`),
  ADD KEY `rc_vlastnika` (`rc_vlastnika`);

--
-- Indexy pro tabulku `mrtvoly`
--
ALTER TABLE `mrtvoly`
  ADD PRIMARY KEY (`id`),
  ADD KEY `cislo_hrobu` (`cislo_hrobu`);

--
-- Indexy pro tabulku `vlastnici`
--
ALTER TABLE `vlastnici`
  ADD PRIMARY KEY (`rc`);

--
-- AUTO_INCREMENT pro tabulku `mrtvoly`
--
ALTER TABLE `mrtvoly`
  MODIFY `id` int(11) NOT NULL AUTO_INCREMENT, AUTO_INCREMENT=22;

--
-- Omezení pro exportované tabulky
--

--
-- Omezení pro tabulku `hrob`
--
ALTER TABLE `hrob`
  ADD CONSTRAINT `hrob_ibfk_1` FOREIGN KEY (`rc_vlastnika`) REFERENCES `vlastnici` (`rc`);

--
-- Omezení pro tabulku `mrtvoly`
--
ALTER TABLE `mrtvoly`
  ADD CONSTRAINT `mrtvoly_ibfk_1` FOREIGN KEY (`cislo_hrobu`) REFERENCES `hrob` (`cislo_hrobu`);
COMMIT;

